**3 - f + 1 + 2 + 3*f**2 - 2*f. Give g(y).
-1
Suppose 8 + 22 = 6*g. Let u(j) = -2*j - 13 + 5 + 3*j. Calculate u(g).
-3
Let s(w) = w + 1. Let b(l) = 9*l - 18. Let n(o) = -b(o) - 18*s(o). Determine n(1).
-27
Let l(n) = 15*n + 19. Let z(a) = -7*a - 9. Let y(d) = -4*l(d) - 9*z(d). Calculate y(-6).
-13
Let y = 12 - 5. Let l be (1/(-2))/(2/(-8)). Let a(r) = -1 - 4 - r**l - 1 + y*r. Give a(4).
6
Let x = -7 - -11. Let j be (-2)/(x/(-6)) + -5. Let w(a) be the second derivative of a**5/20 + a**4/3 + a**3/3 + a**2 - a. Give w(j).
6
Let q(x) = -3*x - 3. Let f(m) = -10*m - 8. Let u(i) = 2*f(i) - 7*q(i). Give u(-5).
0
Let d(t) = t**3 - 5*t**2 - 2*t + 5. Let c = -11 + 20. Suppose 2*u = c + 1. Give d(u).
-5
Let h(w) = w**3 - w**2 - 2*w. Let d = 17 - 19. Give h(d).
-8
Let t(w) be the third derivative of -w**6/120 + w**5/15 - w**4/12 - w**2. Suppose 9*c - 8*c - 4 = 0. Determine t(c).
-8
Let c(g) = g + 1. Let x(a) = -2*a - 4*a + 2*a + 6. Let d(q) = -3*c(q) + x(q). Let h(u) = -13*u + 5. Let k(y) = -11*d(y) + 6*h(y). Calculate k(4).
-7
Let q(p) = p**2 + 6*p + 3. Let h = 1 + -3. Let b = -5 - h. Let o = -2 + b. Determine q(o).
-2
Let p(q) = -q**2 + 9*q + 1. Let w(c) = -c. Let y(u) = -p(u) - 4*w(u). Suppose -4*t - t + 20 = 0. What is y(t)?
-5
Let b(c) be the second derivative of -c**4/12 + 2*c**3/3 - 3*c**2/2 + 10*c. Give b(5).
-8
Let f be -8*(-1*3)/6. Let w(m) = -5*m - 8 + 1 + f*m. Determine w(-6).
-1
Let p be 0/((2 - 2) + 2). Suppose 5*h = -3*m + 15 + 3, 4*m + 5*h - 19 = p. Let f(z) = 1 - 2 - 5*z + m. What is f(-1)?
5
Let n be (-5)/10*(2 - 0). Let a(x) = 5*x**2 - 5*x + 6. Let o(p) = -p + 1. Let w(c) = n*a(c) + 5*o(c). What is w(1)?
-6
Suppose 20 = -5*z - 0*p - 3*p, 5*z = 2*p + 5. Let m be 8/3 - (-1)/3. Let u(x) = -m*x + x + x. Calculate u(z).
1
Let f(w) = -3*w**3 - 10*w**2 + 10*w - 3. Let l(p) = 3*p**3 - 6*p**3 - 1 + 3*p + 2*p**3 - 3*p**2. Let b(d) = -2*f(d) + 7*l(d). Give b(0).
-1
Let r(p) = p**2 - 9*p + 25. Let t be r(6). Let b(u) = 6*u - 10. Determine b(t).
32
Let m(s) be the third derivative of -1/4*s**4 - 1/12*s**5 + s**3 + 1/120*s**6 + 0 + s**2 + 0*s. Determine m(6).
6
Let t(a) = -9*a + 4. Let c(z) = 18*z - 9. Let v(f) = 3*c(f) + 7*t(f). What is v(2)?
-17
Let t = 2 + 2. Suppose 2*s + 13 = 3*y, 0 = t*s - y - 0*y + 21. Let u(j) = 6*j**2 + 8*j + 6*j - 7*j + j**3 + 2. What is u(s)?
-8
Let i(h) = -h**2 - 6*h + 4. Let z = -6 + 9. Suppose 21 = -z*d - a, -2*d + 5*d + 6 = 4*a. What is i(d)?
4
Let u(l) = -5*l**2 - l + 1. Let m(d) = -14*d**2 - 4*d + 3. Let b(v) = -4*m(v) + 11*u(v). Calculate b(-4).
-5
Let s(f) = 17 + f - 11 - 6*f - 10 - 2*f**2. Determine s(-3).
-7
Let u(g) = -g + 6. Let z be u(8). Let f(l) = l**3 - l**2 - 2*l + 1. Give f(z).
-7
Let g(s) = s**2 + 2*s + 1. Let q(t) = -16*t**3 + 2*t**2 - t. Let i be q(1). Let f = -17 - i. Determine g(f).
1
Let d(i) = i - 2. Suppose 4*w - 2*m + m - 32 = 0, 5*m + 41 = 3*w. Let j(v) = 3*v - 4. Let f(t) = w*d(t) - 3*j(t). Calculate f(2).
-6
Let h(q) = -5 + q**2 + 0*q**2 + 33*q - 31*q. Give h(-4).
3
Let h(n) = n**3 + n**2 - n + 6. Suppose 2*c - 10 = 7*c. Let y = 2 + c. Suppose u - 15 = -3*v - 3, y = -5*u + 4*v - 16. Give h(u).
6
Let v(b) = -4*b. Suppose -14 = 3*y + 2*m, 0*m = -2*y + 4*m + 12. Let t = 3 + y. Let r be (2 - 3)*1/t. Determine v(r).
4
Let g be -1 + 2 + -1*(-4 + 6). Let v(h) = -1 - 5*h + 2 - 2. Determine v(g).
4
Suppose -2*q - 3*q + 15 = 0. Suppose q*o - 15 = -0*o. Let k(y) = y**2 - 7*y. Give k(o).
-10
Let i(m) = -2*m**2 + 6*m. Let q be i(4). Let s = q - -3. Let t(d) be the third derivative of d**4/24 - d**3/6 - d**2. Give t(s).
-6
Let z(l) be the first derivative of -3*l**2/2 + 15*l + 15. Give z(6).
-3
Let h(s) = -2*s**3 - 3*s**2 + 15*s - 12. Let j(w) = -w**3 - 2*w**2 + 8*w - 6. Let x(z) = -6*h(z) + 11*j(z). What is x(4)?
-2
Let c(w) be the second derivative of w**5/20 + w**4/3 - 4*w**3/3 - 3*w**2 - w. Let u = -7 + 2. Calculate c(u).
9
Let n(o) = o**2 - 5*o - 7. Suppose -7*t + 25 = -2*t + g, -2*g = -3*t + 15. Calculate n(t).
-7
Let h(y) = y**2 - 2*y - 7. Let b(t) = 2*t**2 + 9*t. Let g be b(-5). Give h(g).
8
Let w be (-2)/(2 - 0) - -6. Let o(p) = 16*p + 5. Let d(z) = 15*z + 4. Let b(c) = 5*d(c) - 4*o(c). Let k(a) = -5*a. Let n(u) = -4*b(u) - 9*k(u). Determine n(w).
5
Let m(y) = -3*y + 8. Let f(n) = 4*n - 9. Let j(q) = -2*f(q) - 3*m(q). Determine j(4).
-2
Let n(v) = -v**3 - 2*v**2 + 3*v - 3. Suppose -4*l - 4 = -5*l. Let x = -7 + l. Determine n(x).
-3
Let i(x) = -x**2 - x + 4. Suppose -q = -3*q. Suppose q = 6*j - j. Calculate i(j).
4
Let p be 16/2 - 5/5. Let k(r) = p - 4*r + r - 3. Suppose -4*m = -3*u - 9, -6*u + 2*u = -2*m + 2. Give k(m).
-5
Suppose -2*u - 10 = 0, 2*n - u = 4*n - 5. Let i(c) = c**3 - 5*c**2 - 3*c. What is i(n)?
-15
Let j(a) be the second derivative of 0*a**5 - a + 0*a**3 + 0 + 0*a**2 - 1/720*a**6 + 1/6*a**4. Let i(h) be the third derivative of j(h). Calculate i(-5).
5
Let r(b) = -b**2 - 3*b + 2. Let z be r(-4). Let j(a) = a**3 + 3*a**2 + 2. Let o(v) = -v**3 + v**2 - v. Let c(g) = z*o(g) - j(g). Give c(5).
8
Let n(c) be the first derivative of c**4/4 + 4*c**3/3 + 3*c**2/2 + 4*c - 7. Suppose -2*l + 3 = -3*l. Determine n(l).
4
Let b(d) = d + 10. Let q be b(-11). Let x be (-23)/(-7) - (-2)/(-7). Let o be (-2 - q)*(-1 + x). Let y(g) = 2*g - 2. Give y(o).
-6
Let j(f) be the first derivative of -4/3*f**3 - 4*f - 2*f**2 + 1 - 1/4*f**4. Determine j(-3).
-1
Let g(r) = 2 + 5*r**2 + r - 10*r**2 + 4*r**2. What is g(2)?
0
Let q(g) = g**3 - 4*g**2 + 2*g - 3. Let w(m) = 3*m**3 - 11*m**2 + 5*m - 8. Let a(r) = 7*q(r) - 2*w(r). Give a(6).
19
Let m(l) = 11*l**3 - 25*l**2 + 5*l - 21. Let j(d) = 5*d**3 - 12*d**2 + 2*d - 10. Let o(x) = 13*j(x) - 6*m(x). Give o(-6).
20
Let y(g) = 2*g**2 - g - 3. Let s(m) = -4*m**2 + m + 5. Let c(q) = 3*s(q) + 5*y(q). Calculate c(-2).
-4
Let y(o) = o - 347*o**2 - 2*o + 6*o**3 + 347*o**2. Give y(1).
5
Let m(g) = 8*g + 1. Let l(x) = -2*x. Let b(t) = 3*l(t) + m(t). Suppose -5*n + 4 = -3*c - 10, -4*n + 2*c = -10. Let p be (n + 8)*1/3. Calculate b(p).
7
Let t(b) = -3 - 4*b + 4 + 0. Let z = 21 - 10. Suppose -3*r - r - 5*f + 3 = 0, 3*r - 5*f - z = 0. What is t(r)?
-7
Let f be 12/10*(-10)/4. Let q = f - -5. Let y(l) = l**2 - 2*l + 3. What is y(q)?
3
Let m(j) be the second derivative of 7/2*j**2 - 7*j + 0 + 1/2*j**3 - 1/12*j**4. Determine m(5).
-3
Let m(d) = d**2 - 6*d. Let z(x) = 1 + 0 - 2 + 3*x. Let w be z(1). Let r be (-20)/w*2/(-4). Determine m(r).
-5
Let l(d) = d**3 + 2*d**2 - d + 4. Let b(u) = u**3 + 5*u**2 - 5*u + 3. Suppose 30 = -2*z - 3*z. Let x be b(z). Give l(x).
-2
Let d(p) = p**2 + 6*p + 4. Suppose -5*x - 32 = 2*q, 6*q - 20 = 4*x + 2*q. What is d(x)?
4
Let g(z) = z + 4. Let c(k) = -4*k**2 + k + 1. Let j(m) = m - 6. Let r be j(5). Let t be c(r). Give g(t).
0
Let p(d) = 7*d**2 - d - 5. Let n(i) = -1 + 2*i**2 + 2*i**2 + 1 - 3. Let b(k) = 10*n(k) - 6*p(k). What is b(4)?
-8
Let g(p) = -p - 2. Let r(t) = -2*t - 4. Let b(x) = -9*g(x) + 4*r(x). Let f be 9/3 + 4 + -3. Suppose -f*q - 9 = -l + 14, -4*q - 2*l = 26. What is b(q)?
-4
Let n(b) be the third derivative of b**5/60 + b**4/24 + b**3/6 + 7*b**2. Let s(y) = -6*y**2 - 3*y - 1. Let o(g) = 5*n(g) + s(g). What is o(5)?
-11
Let p(k) = -6 + 0*k**3 + 6*k**2 + k**3 + 4*k - 2*k. What is p(-5)?
9
Let s be ((-3)/6)/(2/(-4)). Let m = 0 + s. Let f(a) = -a - 14. Let h(l) = -2*l - 12. Let p(i) = -6*f(i) + 7*h(i). Calculate p(m).
-8
Let w(b) = -2*b - 6 + 2*b - 2*b. Suppose 6*c = 2*c - 16. Let y(p) = p - 1. Let o be y(c). Determine w(o).
4
Let v = -29 - -32. Let p(h) = h**2 - h + 3. Give p(v).
9
Suppose t - 7 = 4*m, 4*m = t - 2*t + 15. Suppose -3*k = g - 10 - 7, 4*k - g = t. Suppose k*f = -0*f - 12. Let p(s) = -s**3 - 3*s**2 + 4. Determine p(f).
4
Let g(s) = -9*s + 29. Let u(h) = 5*h - 15. Let y(m) = 4*g(m) + 7*u(m). What is y(5)?
6
Let v(n) = -1. Let k(c) = -4*c + 6. Let p(r) = -k(r) - 2*v(r). Determine p(3).
8
Let r(d) be the first derivative of -d**5/60 - 7*d**4/24 + d**3/3 - d**2 + 5. Let z(v) be the second derivative of r(v). Determine z(-6).
8
Suppose 4*c - 137 = -33. Suppose -i + 5*h - c = 2*i, 0 = -2*i - h. Let u(k) = 5 - 3*k**2 - 2*k**3 - 4 + 0. Determine u(i).
5
Let k = -7 - -9. Suppose -3*d = -4*h + 10, -3*h = d - 3*d - 8. Let m be 0 + (0 - (d - k)). Let z(t) = -t - 3. What is z(m)?
-3
Let v(x) = 1. Let m(j) = j + 6. Let p(b) = -m(b) + 4*v(b). 